{"id":49,"date":"2025-11-06T20:19:12","date_gmt":"2025-11-06T19:19:12","guid":{"rendered":"https:\/\/travelswithme73.wordpress.com\/?page_id=49"},"modified":"2025-11-06T20:19:12","modified_gmt":"2025-11-06T19:19:12","slug":"o-mnie","status":"publish","type":"page","link":"https:\/\/tripsandtips.1free.eu\/?page_id=49","title":{"rendered":"O mnie"},"content":{"rendered":"\n<p>Cze\u015b\u0107, nazywam si\u0119 Micha\u0142 i na co dzie\u0144 studiuj\u0119 Informatyk\u0119 na Zachodniopomorskim Uniwersytecie Technologicznym w Szczecinie. <br>Poza \u015bwiatem kodu i baz danych pasjonuj\u0105 mnie g\u0142\u00f3wnie podr\u00f3\u017ce, birofilistyka i geografia, a czasami lubi\u0119 tak\u017ce poje\u017adzi\u0107 na rowerze w jakie\u015b trasy.<\/p>\n\n\n\n<p>Moja pasja do podr\u00f3\u017cowania zacz\u0119\u0142a si\u0119 jeszcze w dzieci\u0144stwie &#8211; zacz\u0119\u0142o si\u0119 od kr\u00f3tkich wycieczek czy to gdzie\u015b w Polsce, czy to do pobliskich pa\u0144stw jak chocia\u017cby Niemcy, Dania, Czechy.<br>Moim pierwszym takim dalszym wyjazdem by\u0142a Bu\u0142garia, a jaki\u015b czas p\u00f3\u017aniej &#8211; Turcja, aczkolwiek by\u0142y to wyjazdy z biurami podr\u00f3\u017cy.<br>Dzi\u015b, razem z rodzicami, wci\u0105\u017c szukamy ciekawych kierunk\u00f3w, jednak robimy to po swojemu &#8211; staramy si\u0119 podr\u00f3\u017cowa\u0107 bud\u017cetowo, sami planujemy loty i noclegi, a biura podr\u00f3\u017cy omijamy szerokim \u0142ukiem. To w\u0142a\u015bnie podczas takich wyjazd\u00f3w tworz\u0105 si\u0119 najlepsze wspomnienia.<\/p>\n\n\n\n<p>Ten blog powsta\u0142, by dzieli\u0107 si\u0119 relacjami z wypraw oraz praktycznymi wskaz\u00f3wkami, kt\u00f3re mog\u0105 u\u0142atwi\u0107 podr\u00f3\u017cowanie i odkrywanie ciekawych miejsc w r\u00f3\u017cnych krajach.<\/p>\n\n\n\n<p>Mam nadziej\u0119, \u017ce znajdziesz tu inspiracj\u0119 do w\u0142asnych podr\u00f3\u017cy i poznasz praktyczne aspekty, o kt\u00f3rych wcze\u015bniej nie mia\u0142e\u015b poj\u0119cia.<br>Ch\u0119tnie te\u017c poznam Twoje do\u015bwiadczenia i wskaz\u00f3wki z innych miejsc! <\/p>\n\n\n\n<p><\/p>\n","protected":false},"excerpt":{"rendered":"<p>Cze\u015b\u0107, nazywam si\u0119 Micha\u0142 i na co dzie\u0144 studiuj\u0119 Informatyk\u0119 na Zachodniopomorskim Uniwersytecie Technologicznym w Szczecinie. Poza \u015bwiatem kodu i baz danych pasjonuj\u0105 mnie g\u0142\u00f3wnie podr\u00f3\u017ce, birofilistyka i geografia, a czasami lubi\u0119 tak\u017ce poje\u017adzi\u0107 na rowerze w jakie\u015b trasy. Moja pasja do podr\u00f3\u017cowania zacz\u0119\u0142a si\u0119 jeszcze w dzieci\u0144stwie &#8211; zacz\u0119\u0142o si\u0119 od kr\u00f3tkich wycieczek czy &#8230; <a title=\"O mnie\" class=\"read-more\" href=\"https:\/\/tripsandtips.1free.eu\/?page_id=49\" aria-label=\"Dowiedz si\u0119 wi\u0119cej o O mnie\">Dowiedz si\u0119 wi\u0119cej<\/a><\/p>\n","protected":false},"author":1,"featured_media":0,"parent":0,"menu_order":0,"comment_status":"closed","ping_status":"closed","template":"","meta":{"footnotes":""},"class_list":["post-49","page","type-page","status-publish"],"_links":{"self":[{"href":"https:\/\/tripsandtips.1free.eu\/index.php?rest_route=\/wp\/v2\/pages\/49","targetHints":{"allow":["GET"]}}],"collection":[{"href":"https:\/\/tripsandtips.1free.eu\/index.php?rest_route=\/wp\/v2\/pages"}],"about":[{"href":"https:\/\/tripsandtips.1free.eu\/index.php?rest_route=\/wp\/v2\/types\/page"}],"author":[{"embeddable":true,"href":"https:\/\/tripsandtips.1free.eu\/index.php?rest_route=\/wp\/v2\/users\/1"}],"replies":[{"embeddable":true,"href":"https:\/\/tripsandtips.1free.eu\/index.php?rest_route=%2Fwp%2Fv2%2Fcomments&post=49"}],"version-history":[{"count":1,"href":"https:\/\/tripsandtips.1free.eu\/index.php?rest_route=\/wp\/v2\/pages\/49\/revisions"}],"predecessor-version":[{"id":189,"href":"https:\/\/tripsandtips.1free.eu\/index.php?rest_route=\/wp\/v2\/pages\/49\/revisions\/189"}],"wp:attachment":[{"href":"https:\/\/tripsandtips.1free.eu\/index.php?rest_route=%2Fwp%2Fv2%2Fmedia&parent=49"}],"curies":[{"name":"wp","href":"https:\/\/api.w.org\/{rel}","templated":true}]}}